ided by 32.
26
Suppose 3*n + 599 = 5*a, 0 = -2*a + 14*n - 9*n + 251. What is the remainder when a is divided by 115?
3
Calculate the remainder when 601 is divided by ((-2268)/(-1764))/(6/406).
79
Suppose 0 = -72*b + 56*b + 112. Let a(f) = 3*f**2 + 8*f - 5. What is the remainder when a(6) is divided by b?
4
Suppose -5*h + 2*x + 417 = 0, -4*x = -h - 4*h + 409. Calculate the remainder when h is divided by 39.
7
Let w = 6446 - 6344. Calculate the remainder when 2339 is divided by w.
95
Let d(t) = -15*t**2 + 4*t - 1. Let c be d(1). What is the remainder when 169 is divided by (3/(c/14))/(1/(-10))?
29
Let z(i) = 3*i**2 - 72. Let a be z(16). Let m = -683 + a. What is the remainder when 151 is divided by m?
8
Let y(v) = -2*v**2 - 111*v + 63. What is the remainder when 226 is divided by y(-54)?
1
Suppose -2*s + 0*s + 64 = 0. What is the remainder when -12 - 435/(-6) - 2/(-4) is divided by s?
29
Suppose -3*s + 4*s + 15 = 0. Let z = -12 - s. What is the remainder when z/(-2) - -101*(-2)/(-4) is divided by 13?
10
Let o be 1128/18 + ((-3)/(-3))/3. Let a = 93 + o. What is the remainder when a is divided by 23?
18
Suppose -4*p - 4*n + 40 = 0, -3*p = 4*n + 5 - 29. Calculate the remainder when 220 is divided by p.
12
Suppose -200*u + 239*u = 124371. What is the remainder when u is divided by 133?
130
Suppose 0 = 2*j - 104 + 94. Let o be -1 + 82 + j/1. Suppose 5*z - 6*z = -o. What is the remainder when z is divided by 29?
28
Suppose 12*m - 162 = -18. Let q(d) = -18*d + 4. Suppose l = -4*l - 15. Calculate the remainder when q(l) is divided by m.
10
Let u = 886 - 886. Suppose -4*z - 4*j + 1272 = u, -2*z + 616 = 4*j - 7*j. What is the remainder when z is divided by 79?
77
Suppose 731*b - 728*b = -228. Suppose 4*y - 10 + 0 = 2*u, -y + 25 = 4*u. Calculate the remainder when u is divided by b/(-16) + (-3)/(-12).
0
Suppose 5*n - 16 = 9. Let k be (-4 + 0)/((-18)/171). Suppose 2*x + 3*j - 11 = 6, -5*x + k = 3*j. Calculate the remainder when x is divided by n.
2
Let j(h) = 1685*h - 6726. Calculate the remainder when 3330 is divided by j(4).
12
Let v = 63 + 10. What is the remainder when 363 is divided by v?
71
Let t(v) = -2*v**2 - 5. Let r be t(5). Let p = r + 77. Suppose -o + 118 = 3*b, 0*b + b = 5*o + 34. Calculate the remainder when b is divided by p.
17
Let c = 12100 + -11233. Calculate the remainder when 3473 is divided by c.
5
Let w be 3 - 2 - 7/7*-1. Suppose 2*u = -u + 9. What is the remainder when 13 is divided by (((-42)/(-9))/1)/(w/u)?
6
Let y be 632/(-18) - (7/(-63) - 0). Let u = 108 + y. Calculate the remainder when u is divided by 13.
8
Let r(c) be the second derivative of c**3/3 + 12*c**2 - 2*c + 1. Calculate the remainder when 235 is divided by r(0).
19
Let t = -134 + 226. Let x be 56/4 - 12/3. Suppose -d - 4*o + 12 = 0, 5*d + 5*o - x*o = 135. Calculate the remainder when t is divided by d.
20
Let o(y) = 2*y + 21. What is the remainder when 403 is divided by o(57)?
133
Suppose 148*a = 283*a - 153*a + 7164. Calculate the remainder when 408 is divided by a.
10
Let b(m) = -m**3 - 22*m**2 - 24*m - 16. Let g be (-8)/48 + (-125)/6. Let j(z) = -2*z**2 + 24*z + 13. What is the remainder when b(g) is divided by j(12)?
8
Suppose 0 = 44*y + y - 224910. What is the remainder when y is divided by 88?
70
Suppose -n - 3 = -3*o + 2*n, 4*o = -3*n + 11. Let v be o/3 + (-124)/(-12). Suppose -17*r = -v*r - 798. Calculate the remainder when r is divided by 34.
31
Suppose 16 = 3*o - o. Let f be 8/2*(-5 + -12 + 9 - -9). Suppose -j = f*s - 0*s - 162, -4*j = -o. Calculate the remainder when s is divided by 21.
19
Let k = -277 - -301. Suppose 2*j + 2*f = -2*j + k, -5*f + 8 = -3*j. Calculate the remainder when 22 is divided by j.
2
Suppose 311*d - 2958 = 305*d. Suppose 12*j - 263 = d. Let c(o) = o**2 - o - 4. Calculate the remainder when j is divided by c(4).
7
Let a(w) be the first derivative of w**4/4 + 10*w**3/3 + 3*w**2 + 3*w + 11. Let n(z) = z**2 + 3*z - 2. What is the remainder when a(-4) is divided by n(4)?
23
Suppose 0 = -25*h + 22*h - 2*f + 14, 0 = -3*h + 7*f + 32. What is the remainder when h is divided by 3?
0
Suppose 2214 - 174 = 30*l. Suppose -2*y = 5*s - 669, -y + 3*y + 141 = s. What is the remainder when s is divided by l?
67
Suppose 2009*v - 2011*v = -92. Calculate the remainder when 363 is divided by v.
41
Suppose 173*a + 2541 = 194*a. What is the remainder when a is divided by 37?
10
Suppose -10 = -k - 0*r - 2*r, 3*r - 9 = 0. Suppose -4 = -6*y - k. Let b(g) = g**2 + g + 10. Calculate the remainder when 48 is divided by b(y).
8
Let y(d) = -d + 8. Let o be y(5). Suppose -o*h + 2*c - 3*c + 22 = 0, 3*h - 2*c = 28. Calculate the remainder when 63 is divided by h.
7
Suppose -39 + 555 = 11*c + 164. Let p = -36 - -88. What is the remainder when p is divided by c?
20
Suppose 3*o - 16*o = 0. Suppose o = 20*f - 15*f - 65. What is the remainder when 115 is divided by f?
11
Let o(r) = -r**3 + 3*r**2 - 2*r + 2. Let k be o(2). Let d(m) = -3*m - 11 + 0 - k. Calculate the remainder when 32 is divided by d(-8).
10
Suppose 4*s = 5*j + 56, -s = j + 5 - 10. Let b(z) = 11*z - 17. What is the remainder when 488 is divided by b(s)?
78
Suppose 51*o + 1197 = 58*o. Calculate the remainder when 12995 is divided by o.
170
Suppose 0*h - 9100 = -50*h. Suppose -4*y - 15*y + 437 = 0. Calculate the remainder when h is divided by y.
21
Suppose -2947 = -15*w + 8*w. Suppose 0 = 6*j + 55 - w. Let b = j - 56. What is the remainder when 12 is divided by b?
2
Let h(s) = s**3 - 4*s**2 - 17*s + 90. Let n be h(4). Suppose -108 = -28*c + n*c. Calculate the remainder when 41 is divided by c.
5
Let q(n) = n**2 + 36*n - 4977. What is the remainder when q(55) is divided by -3*((-50)/6 + -1)?
0
Let h(a) = a**2 - 1. What is the remainder when h(-16) is divided by 18?
3
Let b be -7 + (2 - -7) + -7. Suppose 0*l + 2*l = -3*u + 80, -2*l + 48 = -5*u. What is the remainder when l is divided by (b/(-5) + 8)*1?
7
Let i = 1904 - 1880. What is the remainder when 558 is divided by i?
6
Let i(p) = -13*p**2 - 58*p + 53. Calculate the remainder when 213 is divided by i(-5).
15
Suppose -22535 = 30*f + 13375. Let g = f + 1221. Let s = 614 + -426. Calculate the remainder when s is divided by g.
20
Let z(k) = -k**3 + 3*k**2 + 6*k + 13. Let f be z(5). Let i(x) = -2*x**2 - 14*x + 32. Calculate the remainder when 156 is divided by i(f).
28
Let d(b) = b**3 - 22*b**2 + 27*b + 23. What is the remainder when d(21) is divided by 24?
5
Suppose 36361 = -21*d + 36823. What is the remainder when 100 is divided by d?
12
Calculate the remainder when (3/30)/((-3)/(-18)) - (-8946)/15 is divided by 21.
9
Let s be (1 + (-10)/(-8))/(3/56). Suppose -49*i = -52*i + s. What is the remainder when 20 is divided by i?
6
What is the remainder when (-8)/14 + ((-6252)/(-14) - (17 + -16)) is divided by 8?
5
Let t = -24 + 29. Let v(d) = -10*d + 8 - t*d**2 - 2 + 3*d**3 - 2*d**3 + 4*d. Calculate the remainder when 33 is divided by v(6).
3
Suppose -1223 = -36*u + 16705. What is the remainder when u is divided by 50?
48
Let c = 540 - 376. Let k be 85/(16/40 - (-14)/(-10)). Let w = k + c. Calculate the remainder when w is divided by 42.
37
Let s = 1 - 7. Let i(g) = -2*g + 59 + 57 - 121. Calculate the remainder when 12 is divided by i(s).
5
Suppose -5*a - 4*s = -137 - 44, 0 = 4*a + s - 147. Suppose -75*g = 49*g - 3649 - 19043. What is the remainder when g is divided by a?
35
Let t(l) = -2*l**2 + 14*l + 6. Let o be t(11). Suppose 109 = 9*x - 89. What is the remainder when (o/6)/((-5)/15) is divided by x?
19
Calculate the remainder when 617 is divided by (-5 + -6 + 5 + -5)/((-7)/28).
1
Let p(y) be the first derivative of 13*y**3/3 + 2*y**2 + 4*y + 109. Calculate the remainder when p(-5) is divided by 52.
49
Let n = 8632 - 6785. Calculate the remainder when n is divided by 66.
65
Suppose 5*c - 3*m = 200, -4*c + 7*c = 5*m + 136. Calculate the remainder when 116 is divided by c - (-4 - (4 + -15)).
26
Suppose 20 + 155 = -7*p. Let q(z) = z + 30. What is the remainder when 28 is divided by q(p)?
3
Let f(g) = -5*g. Let l be f(-1). Suppose -5*t + 30 = -l*m, m - 4*t = -t - 16. What is the remainder when 222*-1*((-2)/(-4))/m is divided by 28?
27
Let x(c) = -74*c - 45. Let r be x(-11). Suppose -144 = r*b - 773*b. Calculate the remainder when b is divided by 19.
17
Let v(u) = 